f y and 58?
29
Let c be (-214)/(-10) + 7 + (-96)/15. What is the greatest common factor of 77 and c?
11
Let x be (1 + (-3)/(-6))*960/36. Calculate the highest common divisor of x and 24.
8
Let h(t) = 2*t + 43. Let n(a) = -4*a - 87. Let m(i) = 9*h(i) + 4*n(i). Let y be m(12). What is the greatest common factor of 9 and y?
9
Let c(n) = 4*n - 46. Let f = 102 - 84. Let d be c(f). What is the greatest common divisor of 91 and d?
13
Suppose -2*x + 111 = 5*q - 17, -5 = 5*x. Let g be 105/4 - (-1)/(-4). What is the highest common factor of g and q?
26
Suppose 22 = 5*v - 503. Suppose -v = -3*u + 63. What is the greatest common divisor of 14 and u?
14
Let u be (-923)/(-13) - (-1)/1. Suppose 2*v = -4*r + 30, 3 = -7*v + 6*v. Calculate the greatest common factor of u and r.
9
Let d(y) = y**2 - 10*y + 8. Let j be d(6). Let i = -11 - j. Suppose 21 = 2*p + i. Calculate the highest common divisor of 32 and p.
8
Suppose 0 = 5*d - 55 - 65. Suppose 3*v + 2*y + d = 0, -2*y - 15 = 3*y. Let n be (8/v)/((-3)/9). What is the greatest common divisor of n and 44?
4
Let t = 606 - 426. What is the greatest common factor of t and 20?
20
Let u be (2 - (-1 + 17))/(-2). Suppose -u = -2*i - 3. What is the greatest common divisor of 16 and i?
2
Suppose 2*z = -7*z + 108. Let p = z + -10. Calculate the greatest common factor of p and 11.
1
Suppose 94 + 21 = 23*h. Calculate the highest common factor of h and 135.
5
Let j(p) = -5*p - 60. Let d be j(-12). Suppose d = 10*x + 10*x - 4000. Calculate the greatest common factor of 25 and x.
25
Let k = -176 + 216. What is the greatest common factor of k and 32?
8
Let b be 2 - (-5)/(10/92). Let v = -13 - 11. Let t = v + 36. Calculate the greatest common factor of b and t.
12
Let j = -6 - -16. Suppose 4*h = 5*y + 22, j = -9*y + 4*y. Suppose -3*z + 50 = -h*o + 5, -55 = -5*z + o. What is the greatest common factor of z and 15?
5
Suppose 54*v - 14756 = -14*v. Calculate the highest common divisor of v and 465.
31
Let s(m) = -10*m - 2. Let f be s(3). Let z = -24 - f. Calculate the greatest common divisor of z and 40.
8
Let r(l) = -l**3 + 16*l**2 - 45*l - 27. Let s be r(8). What is the highest common divisor of s and 5?
5
Let p = 403 - 387. Calculate the highest common divisor of p and 144.
16
Let x(p) = -3*p + 2. Let h be x(-1). Suppose -h*v + 2*v + 90 = 0. What is the highest common factor of v and 15?
15
Let o(z) = 2*z**2 + z - 14. Let l be o(6). Let y = 109 - l. Calculate the highest common factor of y and 18.
9
Let s(t) = 6*t**2 + t - 2. Let o = 15 + -11. Let y(n) = n**3 - 4*n**2 + 2. Let r be y(o). Let g be s(r). Calculate the highest common factor of 264 and g.
24
Let b = -1 - -1. Suppose -3*f - 3*f + 24 = b. Suppose n = -f*h + 124, 2 = n + 3*h - 118. What is the highest common divisor of n and 12?
12
Let z be ((-37)/(-2))/(71/1562). Calculate the greatest common factor of z and 11.
11
Let t = 438 + -321. Calculate the highest common divisor of 52 and t.
13
Let l be 114/4 - (-2)/(-4). Suppose 99*g = 105*g - 252. What is the greatest common factor of l and g?
14
Suppose o = 2*s + 136, -5*s = o + 36 - 151. What is the greatest common divisor of 50 and o?
10
Let d be (-12)/((9/2)/3). Let i be 4/(-2)*(-21)/14. Let v be (d + i)*(-14)/2. Calculate the highest common divisor of v and 5.
5
Suppose 24*b - 3 = 23*b. What is the greatest common divisor of 9 and b?
3
Let j be -4*(-65)/20 + -4. What is the highest common divisor of 153 and j?
9
Let i be -2*(-4 + 2 + 3/2). Suppose h + 5*w - 2*w - 19 = 0, 0 = w - i. Calculate the highest common divisor of 2 and h.
2
Let r = 312 - 304. Calculate the highest common divisor of r and 8.
8
Let i = -8 + -10. Let w = -21 - i. Let p be ((-7)/w)/((-8)/(-312)). Calculate the greatest common factor of 13 and p.
13
Suppose 0 = t + 3*s - 436, 22*s - 20*s = 2*t - 888. What is the highest common divisor of 26 and t?
26
Let y = -209 + 114. Let p = -82 - y. What is the greatest common divisor of 13 and p?
13
Let t(g) = -21*g + 38. Let f be t(5). Let l = -21 - f. Calculate the highest common factor of 23 and l.
23
Let g(t) = -5*t**3 - 4*t**2 + 4*t**3 + 2*t + 0*t**3 - 5. Suppose 0 = -5*x - 4*x - 45. Let v be g(x). Calculate the highest common divisor of 70 and v.
10
Suppose -269 - 631 = 5*m. Let j = -502 - -151. Let n = m - j. What is the highest common divisor of 19 and n?
19
Let g = 2654 - 2618. Calculate the greatest common divisor of 468 and g.
36
Let w = -113 - -70. Let q = 65 + w. Calculate the greatest common divisor of 154 and q.
22
Let z be (176/10)/(5/((-75)/(-6))). What is the highest common factor of z and 88?
44
Let d(q) = -q**2 + 2*q + 36. Let g be d(0). Let l be (-2)/9 - (-415)/45. Calculate the greatest common divisor of g and l.
9
Let k = 58 + -18. What is the greatest common factor of 20 and k?
20
Suppose 0*p + 3*p - 4*k - 37 = 0, k - 2 = 0. Let n = 95 + -64. Suppose 4*h + 0*h + n = 3*z, -z = -h - 9. What is the greatest common divisor of p and z?
5
Let v = -1305 + 1708. Calculate the highest common divisor of 31 and v.
31
Suppose 4*n = -3*k + 445, -k - 5*n + 285 = k. Suppose -2*f + 5*r + k = 0, -157 = -2*f + 5*r - 2*r. Calculate the greatest common factor of 16 and f.
16
Suppose -4*p + 5*m - 11 = -80, p + 2*m = 1. Calculate the greatest common divisor of 55 and p.
11
Let f = 622 - 63. What is the highest common factor of 43 and f?
43
Suppose 2*u = u + 63. Suppose 4*g - u = 13. Calculate the highest common divisor of 38 and g.
19
Let h = -330 - -583. What is the highest common factor of 55 and h?
11
Suppose 385 = 4*s - 343. What is the highest common divisor of 14 and s?
14
Let a = 2 - 0. Let h be (-3 + 5)*1/a. Let x be 1/2*(-5 + 7). What is the highest common factor of x and h?
1
Let l be (-8 - 105/(-10))*10. What is the highest common factor of 1 and l?
1
Let u(o) = 24*o - 20. Let d be u(2). Let a be 29/4 + (-1)/4. Suppose -3*f = -a*w + 3*w, -2*f + 14 = 2*w. Calculate the highest common factor of f and d.
4
Let d be 2/17 - 335652/(-1411). What is the highest common factor of d and 21?
7
Suppose 17 = 6*u - 1. Suppose 7*z - u*z = 64. What is the highest common divisor of z and 16?
16
Suppose -13*f + 14*f = 3*p - 1822, 4*f - 8 = 0. What is the highest common divisor of p and 114?
38
Suppose -5*o + 18 = 8. Let p(n) = -3*n - 2*n**3 + n**3 + o*n**2 + 10 + 9*n**2. Let y be p(10). Calculate the highest common divisor of y and 10.
10
Let p = 46 - -35. Calculate the highest common divisor of p and 2592.
81
Let x be 621/23*((-2)/3 - -1). Let d be ((-75)/x - 1)*3/(-2). Calculate the highest common factor of d and 14.
14
Suppose -65 = 3*v + g, -6*g = v - 2*g + 29. Suppose 0 = -11*z + 12*z - 5. Let q be (-2)/10 - v/z. What is the greatest common factor of 6 and q?
2
Suppose 4*c + 27 - 15 = 0. Let u be c*(2 - 6) + 3. Let v = -8 + u. Calculate the highest common factor of 1 and v.
1
Suppose -36685 - 26989 = -79*t. What is the greatest common factor of 104 and t?
26
Let k = 64 - -55. Let q(a) = -a**3 + 3*a**2 + 2*a + 1. Let u be q(-2). Calculate the highest common divisor of u and k.
17
Let c(s) = 5*s**2 + 51*s - 12. Let y be c(-11). Let b be 0/(-1) - (-7 - -3). Calculate the highest common divisor of y and b.
4
Suppose -9 + 62 = -v. Let i = v - -341. Calculate the greatest common divisor of i and 32.
32
Let w = -614 - -617. Calculate the highest common factor of 81 and w.
3
Suppose 0 = -3*q - 3*a + 72, 3*q - 97 = 3*a - a. Suppose -9 + q = 4*s. Suppose -s*f + 10*f = 140. What is the highest common divisor of 4 and f?
4
Let r(y) = -24*y**3 + 2*y - 1. Let s be r(-2). Let z(x) = -3*x + 8. Let g be z(-3). What is the highest common divisor of g and s?
17
Suppose -675 = -5*y + 8*y. Let b be (7 - -1)/((-30)/y). What is the greatest common divisor of b and 24?
12
Let x = 461 - -1014. What is the greatest common divisor of x and 25?
25
Let w(g) = 19*g - 6. Let k be w(6). Suppose -2*i - i + k = 0. Suppose 2*q = -34 + 70. What is the highest common factor of i and q?
18
Suppose 542 - 157 = 5*b. Calculate the greatest common divisor of 11 and b.
11
Let w be 13 - 45/20*-4. What is the greatest common factor of w and 242?
22
Let u be (-3 - -1)*(-9 - 39). What is the greatest common factor of u and 12?
12
Let c(y) = -y - 8 + 0 - 1 - 2 + 3*y**2. Let v be c(4). What is the greatest common divisor of 11 and v?
11
Let q(x) = 15*x**3 